{"id":1245,"date":"2023-01-24T23:23:11","date_gmt":"2023-01-24T23:23:11","guid":{"rendered":"https:\/\/colbeauty.com.co\/?post_type=product&#038;p=1245"},"modified":"2026-03-11T10:59:14","modified_gmt":"2026-03-11T15:59:14","slug":"bioderma-sensibio-gel-limpiador-x-200-ml","status":"publish","type":"product","link":"https:\/\/colbeauty.com.co\/?product=bioderma-sensibio-gel-limpiador-x-200-ml","title":{"rendered":"BIODERMA Sensibio Gel Limpiador X 200 Ml"},"content":{"rendered":"<p>Gel limpiador indicado para todo tipo de piel, especialmente pieles sensibles e intolerantes,\u00a0limpia\u00a0y\u00a0desmaquilla delicadamente la cara y los ojos aliviando y calmando las irritaciones,\u00a0potenciando al mismo tiempo la hidrataci\u00f3n de la piel.<\/p>\n<p>Contiene la\u00a0patente DAF\u2122\u00a0(Formulaci\u00f3n Dermatol\u00f3gica Avanzada), que disminuye la inflamaci\u00f3n y\u00a0aumenta el umbral de tolerancia de la piel;\u00a0Enriquecido con Gluc\u00f3sido de Coco y Gliceril Oleato un principio activo biomim\u00e9tico que refuerza la barrera de la piel.<\/p>\n<p>Modo de empleo:\u00a0Aplicar el gel limpiador sobre la piel h\u00fameda, masajear\u00a0y enjuagar con abundante agua. Utilizar en la ma\u00f1ana y\/o en la\u00a0noche.<\/p>\n","protected":false},"excerpt":{"rendered":"<p>Gel limpiador indicado para todo tipo de piel, especialmente pieles sensibles e intolerantes,\u00a0limpia\u00a0y\u00a0desmaquilla delicadamente la cara y los ojos aliviando y calmando las irritaciones,\u00a0potenciando al mismo tiempo la hidrataci\u00f3n de la piel.<\/p>\n<p>Contiene la\u00a0patente DAF\u2122\u00a0(Formulaci\u00f3n Dermatol\u00f3gica Avanzada), que disminuye la inflamaci\u00f3n y\u00a0aumenta el umbral de tolerancia de la piel;\u00a0Enriquecido con Gluc\u00f3sido de Coco y Gliceril Oleato un principio activo biomim\u00e9tico que refuerza la barrera de la piel.<\/p>\n<p>Modo de empleo:\u00a0Aplicar el gel limpiador sobre la piel h\u00fameda, masajear\u00a0y enjuagar con abundante agua. Utilizar en la ma\u00f1ana y\/o en la\u00a0noche.<\/p>\n","protected":false},"featured_media":1246,"comment_status":"open","ping_status":"closed","template":"","meta":{"site-sidebar-layout":"default","site-content-layout":"default","ast-global-header-display":"","ast-main-header-display":"","ast-hfb-above-header-display":"","ast-hfb-below-header-display":"","ast-hfb-mobile-header-display":"","site-post-title":"","ast-breadcrumbs-content":"","ast-featured-img":"","footer-sml-layout":"","theme-transparent-header-meta":"default","adv-header-id-meta":"","stick-header-meta":"","header-above-stick-meta":"","header-main-stick-meta":"","header-below-stick-meta":""},"product_brand":[],"product_cat":[75,20],"product_tag":[62,33,50,60,70,69,67,68,32],"class_list":{"0":"post-1245","1":"product","2":"type-product","3":"status-publish","4":"has-post-thumbnail","6":"product_cat-bioderma","7":"product_cat-limpiador-facial","8":"product_tag-bioderma","9":"product_tag-colbeauty","10":"product_tag-cuidado-facial","11":"product_tag-limpiador-facial","12":"product_tag-piel-seca","13":"product_tag-piel-sensible","14":"product_tag-sensibio","15":"product_tag-sensibio-bioderma","16":"product_tag-skincare","17":"desktop-align-left","18":"tablet-align-left","19":"mobile-align-left","21":"first","22":"outofstock","23":"shipping-taxable","24":"purchasable","25":"product-type-simple"},"_links":{"self":[{"href":"https:\/\/colbeauty.com.co\/index.php?rest_route=\/wp\/v2\/product\/1245","targetHints":{"allow":["GET"]}}],"collection":[{"href":"https:\/\/colbeauty.com.co\/index.php?rest_route=\/wp\/v2\/product"}],"about":[{"href":"https:\/\/colbeauty.com.co\/index.php?rest_route=\/wp\/v2\/types\/product"}],"replies":[{"embeddable":true,"href":"https:\/\/colbeauty.com.co\/index.php?rest_route=%2Fwp%2Fv2%2Fcomments&post=1245"}],"wp:featuredmedia":[{"embeddable":true,"href":"https:\/\/colbeauty.com.co\/index.php?rest_route=\/wp\/v2\/media\/1246"}],"wp:attachment":[{"href":"https:\/\/colbeauty.com.co\/index.php?rest_route=%2Fwp%2Fv2%2Fmedia&parent=1245"}],"wp:term":[{"taxonomy":"product_brand","embeddable":true,"href":"https:\/\/colbeauty.com.co\/index.php?rest_route=%2Fwp%2Fv2%2Fproduct_brand&post=1245"},{"taxonomy":"product_cat","embeddable":true,"href":"https:\/\/colbeauty.com.co\/index.php?rest_route=%2Fwp%2Fv2%2Fproduct_cat&post=1245"},{"taxonomy":"product_tag","embeddable":true,"href":"https:\/\/colbeauty.com.co\/index.php?rest_route=%2Fwp%2Fv2%2Fproduct_tag&post=1245"}],"curies":[{"name":"wp","href":"https:\/\/api.w.org\/{rel}","templated":true}]}}