{"id":1292,"date":"2023-01-31T16:47:21","date_gmt":"2023-01-31T16:47:21","guid":{"rendered":"https:\/\/colbeauty.com.co\/?post_type=product&#038;p=1292"},"modified":"2023-06-16T02:26:33","modified_gmt":"2023-06-16T02:26:33","slug":"tonico-acido-glicolico-7-the-ordinary","status":"publish","type":"product","link":"https:\/\/colbeauty.com.co\/?product=tonico-acido-glicolico-7-the-ordinary","title":{"rendered":"Tonico \u00c1cido Glic\u00f3lico 7% &#8211; The Ordinary"},"content":{"rendered":"<p class=\"_04xlpA direction-ltr align-justify para-style-body\"><span class=\"S1PPyQ\">Este producto contiene solo 7% de \u00e1cido glic\u00f3lico para mejorar el brillo y claridad natural de la piel, adem\u00e1s de brindarle una mejor apariencia a su textura con el uso continuo.<\/span><\/p>\n<p class=\"_04xlpA direction-ltr align-justify para-style-body\"><span class=\"S1PPyQ\">&#8211; Combate el envejecimiento de la piel.<\/span><\/p>\n<p class=\"_04xlpA direction-ltr align-justify para-style-body\"><span class=\"S1PPyQ\">&#8211; Ayuda a prevenir los brotes de acn\u00e9 en la mujer adulta.<\/span><\/p>\n<p class=\"_04xlpA direction-ltr align-justify para-style-body\"><span class=\"S1PPyQ\">&#8211; Disminuye las cicatrices causadas por la aparici\u00f3n de espinillas y puntos negros, as\u00ed como manchas causadas por el Sol.<\/span><\/p>\n<p>MODO DE USO<\/p>\n<ul>\n<li><span class=\"S1PPyQ\">Solo utilizar en tu rutina de noche<\/span><\/li>\n<li><span class=\"S1PPyQ\">Despu\u00e9s de lavar tu rostro, moja un algod\u00f3n con la f\u00f3rmula y p\u00e1salo por todo tu rostro y cuello<\/span><\/li>\n<li><span class=\"S1PPyQ\">Evita el contacto con los ojos.<\/span><\/li>\n<li><span class=\"S1PPyQ\">No enjuagues el producto.<\/span><\/li>\n<li><span class=\"S1PPyQ\">Contin\u00faa con los tratamientos adicionales para tu piel.<\/span><\/li>\n<\/ul>\n<p>&nbsp;<\/p>\n<p>&nbsp;<\/p>\n","protected":false},"excerpt":{"rendered":"<p class=\"_04xlpA direction-ltr align-justify para-style-body\"><span class=\"S1PPyQ\">Este producto contiene solo 7% de \u00e1cido glic\u00f3lico para mejorar el brillo y claridad natural de la piel, adem\u00e1s de brindarle una mejor apariencia a su textura con el uso continuo.<\/span><\/p>\n<p class=\"_04xlpA direction-ltr align-justify para-style-body\"><span class=\"S1PPyQ\">&#8211; Combate el envejecimiento de la piel.<\/span><\/p>\n<p class=\"_04xlpA direction-ltr align-justify para-style-body\"><span class=\"S1PPyQ\">&#8211; Ayuda a prevenir los brotes de acn\u00e9 en la mujer adulta.<\/span><\/p>\n<p class=\"_04xlpA direction-ltr align-justify para-style-body\"><span class=\"S1PPyQ\">&#8211; Disminuye las cicatrices causadas por la aparici\u00f3n de espinillas y puntos negros, as\u00ed como manchas causadas por el Sol.<\/span><\/p>\n<p>MODO DE USO<\/p>\n<ul>\n<li><span class=\"S1PPyQ\">Solo utilizar en tu rutina de noche<\/span><\/li>\n<li><span class=\"S1PPyQ\">Despu\u00e9s de lavar tu rostro, moja un algod\u00f3n con la f\u00f3rmula y p\u00e1salo por todo tu rostro y cuello<\/span><\/li>\n<li><span class=\"S1PPyQ\">Evita el contacto con los ojos.<\/span><\/li>\n<li><span class=\"S1PPyQ\">No enjuagues el producto.<\/span><\/li>\n<li><span class=\"S1PPyQ\">Contin\u00faa con los tratamientos adicionales para tu piel.<\/span><\/li>\n<\/ul>\n","protected":false},"featured_media":1293,"comment_status":"open","ping_status":"closed","template":"","meta":{"site-sidebar-layout":"default","site-content-layout":"default","ast-global-header-display":"","ast-main-header-display":"","ast-hfb-above-header-display":"","ast-hfb-below-header-display":"","ast-hfb-mobile-header-display":"","site-post-title":"","ast-breadcrumbs-content":"","ast-featured-img":"","footer-sml-layout":"","theme-transparent-header-meta":"default","adv-header-id-meta":"","stick-header-meta":"","header-above-stick-meta":"","header-main-stick-meta":"","header-below-stick-meta":""},"product_brand":[],"product_cat":[80,26],"product_tag":[44,33,73,74,32,71,72],"class_list":{"0":"post-1292","1":"product","2":"type-product","3":"status-publish","4":"has-post-thumbnail","6":"product_cat-the-ordinary","7":"product_cat-tonico","8":"product_tag-acido-glicolico","9":"product_tag-colbeauty","10":"product_tag-manchas","11":"product_tag-piel-luminosa","12":"product_tag-skincare","13":"product_tag-the-ordinary","14":"product_tag-tonico","15":"desktop-align-left","16":"tablet-align-left","17":"mobile-align-left","19":"first","20":"instock","21":"shipping-taxable","22":"purchasable","23":"product-type-simple"},"_links":{"self":[{"href":"https:\/\/colbeauty.com.co\/index.php?rest_route=\/wp\/v2\/product\/1292","targetHints":{"allow":["GET"]}}],"collection":[{"href":"https:\/\/colbeauty.com.co\/index.php?rest_route=\/wp\/v2\/product"}],"about":[{"href":"https:\/\/colbeauty.com.co\/index.php?rest_route=\/wp\/v2\/types\/product"}],"replies":[{"embeddable":true,"href":"https:\/\/colbeauty.com.co\/index.php?rest_route=%2Fwp%2Fv2%2Fcomments&post=1292"}],"wp:featuredmedia":[{"embeddable":true,"href":"https:\/\/colbeauty.com.co\/index.php?rest_route=\/wp\/v2\/media\/1293"}],"wp:attachment":[{"href":"https:\/\/colbeauty.com.co\/index.php?rest_route=%2Fwp%2Fv2%2Fmedia&parent=1292"}],"wp:term":[{"taxonomy":"product_brand","embeddable":true,"href":"https:\/\/colbeauty.com.co\/index.php?rest_route=%2Fwp%2Fv2%2Fproduct_brand&post=1292"},{"taxonomy":"product_cat","embeddable":true,"href":"https:\/\/colbeauty.com.co\/index.php?rest_route=%2Fwp%2Fv2%2Fproduct_cat&post=1292"},{"taxonomy":"product_tag","embeddable":true,"href":"https:\/\/colbeauty.com.co\/index.php?rest_route=%2Fwp%2Fv2%2Fproduct_tag&post=1292"}],"curies":[{"name":"wp","href":"https:\/\/api.w.org\/{rel}","templated":true}]}}