{"id":1502,"date":"2023-03-14T17:13:33","date_gmt":"2023-03-14T17:13:33","guid":{"rendered":"https:\/\/colbeauty.com.co\/?post_type=product&#038;p=1502"},"modified":"2026-03-11T10:28:40","modified_gmt":"2026-03-11T15:28:40","slug":"the-ordinary-niacinamida-10-zinc-1-x-30-ml","status":"publish","type":"product","link":"https:\/\/colbeauty.com.co\/?product=the-ordinary-niacinamida-10-zinc-1-x-30-ml","title":{"rendered":"The Ordinary &#8211; Niacinamida 10% + Zinc 1% x 30 ml"},"content":{"rendered":"<p><span class=\"S1PPyQ\">Este serum es perfecto para fortalecer la barrera cut\u00e1nea, regular la producci\u00f3n de sebo, reducir la aparici\u00f3n de manchas y minimizar los poros.<\/span><\/p>\n<ul>\n<li><span class=\"S1PPyQ\">No usar este producto con la vitamina C de la marca.<\/span><\/li>\n<li><span class=\"S1PPyQ\">Apto para todo tipo de piel.<\/span><\/li>\n<\/ul>\n<p>&nbsp;<\/p>\n","protected":false},"excerpt":{"rendered":"<p><span class=\"S1PPyQ\">Este serum es perfecto para fortalecer la barrera cut\u00e1nea, regular la producci\u00f3n de sebo, reducir la aparici\u00f3n de manchas y minimizar los poros.<\/span><\/p>\n<ul>\n<li><span class=\"S1PPyQ\">No usar este producto con la vitamina C de la marca.<\/span><\/li>\n<li><span class=\"S1PPyQ\">Apto para todo tipo de piel.<\/span><\/li>\n<\/ul>\n","protected":false},"featured_media":1504,"comment_status":"open","ping_status":"closed","template":"","meta":{"site-sidebar-layout":"default","site-content-layout":"default","ast-global-header-display":"","ast-main-header-display":"","ast-hfb-above-header-display":"","ast-hfb-below-header-display":"","ast-hfb-mobile-header-display":"","site-post-title":"","ast-breadcrumbs-content":"","ast-featured-img":"","footer-sml-layout":"","theme-transparent-header-meta":"default","adv-header-id-meta":"","stick-header-meta":"","header-above-stick-meta":"","header-main-stick-meta":"","header-below-stick-meta":""},"product_brand":[],"product_cat":[161,19,80],"product_tag":[33,45,162,165,163,164],"class_list":{"0":"post-1502","1":"product","2":"type-product","3":"status-publish","4":"has-post-thumbnail","6":"product_cat-marcas","7":"product_cat-serums","8":"product_cat-the-ordinary","9":"product_tag-colbeauty","10":"product_tag-niacinamida","11":"product_tag-niacinamida-10","12":"product_tag-the-ordinary-colombia","13":"product_tag-the-ordinary-niacinamida","14":"product_tag-the-ordinary-uraba","15":"desktop-align-left","16":"tablet-align-left","17":"mobile-align-left","19":"first","20":"outofstock","21":"shipping-taxable","22":"purchasable","23":"product-type-simple"},"_links":{"self":[{"href":"https:\/\/colbeauty.com.co\/index.php?rest_route=\/wp\/v2\/product\/1502","targetHints":{"allow":["GET"]}}],"collection":[{"href":"https:\/\/colbeauty.com.co\/index.php?rest_route=\/wp\/v2\/product"}],"about":[{"href":"https:\/\/colbeauty.com.co\/index.php?rest_route=\/wp\/v2\/types\/product"}],"replies":[{"embeddable":true,"href":"https:\/\/colbeauty.com.co\/index.php?rest_route=%2Fwp%2Fv2%2Fcomments&post=1502"}],"wp:featuredmedia":[{"embeddable":true,"href":"https:\/\/colbeauty.com.co\/index.php?rest_route=\/wp\/v2\/media\/1504"}],"wp:attachment":[{"href":"https:\/\/colbeauty.com.co\/index.php?rest_route=%2Fwp%2Fv2%2Fmedia&parent=1502"}],"wp:term":[{"taxonomy":"product_brand","embeddable":true,"href":"https:\/\/colbeauty.com.co\/index.php?rest_route=%2Fwp%2Fv2%2Fproduct_brand&post=1502"},{"taxonomy":"product_cat","embeddable":true,"href":"https:\/\/colbeauty.com.co\/index.php?rest_route=%2Fwp%2Fv2%2Fproduct_cat&post=1502"},{"taxonomy":"product_tag","embeddable":true,"href":"https:\/\/colbeauty.com.co\/index.php?rest_route=%2Fwp%2Fv2%2Fproduct_tag&post=1502"}],"curies":[{"name":"wp","href":"https:\/\/api.w.org\/{rel}","templated":true}]}}