{"id":1889,"date":"2023-08-17T21:01:13","date_gmt":"2023-08-17T21:01:13","guid":{"rendered":"https:\/\/colbeauty.com.co\/?post_type=product&#038;p=1889"},"modified":"2023-08-17T21:01:13","modified_gmt":"2023-08-17T21:01:13","slug":"good-molecules-discoloration-correcting-serum-x-30-ml","status":"publish","type":"product","link":"https:\/\/colbeauty.com.co\/?product=good-molecules-discoloration-correcting-serum-x-30-ml","title":{"rendered":"GOOD MOLECULES Discoloration Correcting Serum X 30 ml"},"content":{"rendered":"<p>Mejora la apariencia de la decoloraci\u00f3n de la piel y el tono desigual con el serum corrector de decoloraci\u00f3n. Formulado con una forma avanzada de \u00e1cido tranex\u00e1mico (mesilato de tranexamato de cetilo) y niacinamida al 4%, este suero ligero mejora la apariencia de las manchas de la edad, las cicatrices del acn\u00e9, la hiperpigmentaci\u00f3n y el da\u00f1o solar.<\/p>\n<div id=\"block-template--15383128834255__main-3d7dac63-3016-4991-b513-ae22f38b6ad3\" class=\"card__collapsible\">\n<div class=\"card__collapsible-content\">\n<div class=\"rte text--pull\">\n<ul>\n<li>Apl\u00edcalo sobre piel limpia y deja que se absorba completamente antes de seguir con tu rutina de cuidado de piel.<\/li>\n<li>No se recomienda usarlo en conjunto con otros \u00e1cidos como lo es por ejemplo la vitamina C.<\/li>\n<\/ul>\n<p><strong>Otros detalles:<\/strong><\/p>\n<ul>\n<li>Libre de Fragancias<\/li>\n<li>Libre de Gluten<\/li>\n<li>No Testeado en Animales<\/li>\n<li>Vegano<\/li>\n<li>pH 5,5<\/li>\n<\/ul>\n<\/div>\n<\/div>\n<\/div>\n","protected":false},"excerpt":{"rendered":"<p>Mejora la apariencia de la decoloraci\u00f3n de la piel y el tono desigual con el serum corrector de decoloraci\u00f3n. Formulado con una forma avanzada de \u00e1cido tranex\u00e1mico (mesilato de tranexamato de cetilo) y niacinamida al 4%, este suero ligero mejora la apariencia de las manchas de la edad, las cicatrices del acn\u00e9, la hiperpigmentaci\u00f3n y el da\u00f1o solar.<\/p>\n<div id=\"block-template--15383128834255__main-3d7dac63-3016-4991-b513-ae22f38b6ad3\" class=\"card__collapsible\">\n<div class=\"card__collapsible-content\">\n<div class=\"rte text--pull\">\n<ul>\n<li>Apl\u00edcalo sobre piel limpia y deja que se absorba completamente antes de seguir con tu rutina de cuidado de piel.<\/li>\n<li>No se recomienda usarlo en conjunto con otros \u00e1cidos como lo es por ejemplo la vitamina C.<\/li>\n<\/ul>\n<p><strong>Otros detalles:<\/strong><\/p>\n<ul>\n<li>Libre de Fragancias<\/li>\n<li>Libre de Gluten<\/li>\n<li>No Testeado en Animales<\/li>\n<li>Vegano<\/li>\n<li>pH 5,5<\/li>\n<\/ul>\n<\/div>\n<\/div>\n<\/div>\n","protected":false},"featured_media":1891,"comment_status":"open","ping_status":"closed","template":"","meta":{"site-sidebar-layout":"default","site-content-layout":"default","ast-global-header-display":"","ast-main-header-display":"","ast-hfb-above-header-display":"","ast-hfb-below-header-display":"","ast-hfb-mobile-header-display":"","site-post-title":"","ast-breadcrumbs-content":"","ast-featured-img":"","footer-sml-layout":"","theme-transparent-header-meta":"default","adv-header-id-meta":"","stick-header-meta":"","header-above-stick-meta":"","header-main-stick-meta":"","header-below-stick-meta":""},"product_brand":[],"product_cat":[167,19],"product_tag":[180,168,174,181],"class_list":{"0":"post-1889","1":"product","2":"type-product","3":"status-publish","4":"has-post-thumbnail","6":"product_cat-good-molecules","7":"product_cat-serums","8":"product_tag-discoloration-correcting-serum","9":"product_tag-good-molecules","10":"product_tag-good-molecules-colombia","11":"product_tag-serum-good-molecules","12":"desktop-align-left","13":"tablet-align-left","14":"mobile-align-left","16":"first","17":"instock","18":"shipping-taxable","19":"purchasable","20":"product-type-simple"},"_links":{"self":[{"href":"https:\/\/colbeauty.com.co\/index.php?rest_route=\/wp\/v2\/product\/1889","targetHints":{"allow":["GET"]}}],"collection":[{"href":"https:\/\/colbeauty.com.co\/index.php?rest_route=\/wp\/v2\/product"}],"about":[{"href":"https:\/\/colbeauty.com.co\/index.php?rest_route=\/wp\/v2\/types\/product"}],"replies":[{"embeddable":true,"href":"https:\/\/colbeauty.com.co\/index.php?rest_route=%2Fwp%2Fv2%2Fcomments&post=1889"}],"wp:featuredmedia":[{"embeddable":true,"href":"https:\/\/colbeauty.com.co\/index.php?rest_route=\/wp\/v2\/media\/1891"}],"wp:attachment":[{"href":"https:\/\/colbeauty.com.co\/index.php?rest_route=%2Fwp%2Fv2%2Fmedia&parent=1889"}],"wp:term":[{"taxonomy":"product_brand","embeddable":true,"href":"https:\/\/colbeauty.com.co\/index.php?rest_route=%2Fwp%2Fv2%2Fproduct_brand&post=1889"},{"taxonomy":"product_cat","embeddable":true,"href":"https:\/\/colbeauty.com.co\/index.php?rest_route=%2Fwp%2Fv2%2Fproduct_cat&post=1889"},{"taxonomy":"product_tag","embeddable":true,"href":"https:\/\/colbeauty.com.co\/index.php?rest_route=%2Fwp%2Fv2%2Fproduct_tag&post=1889"}],"curies":[{"name":"wp","href":"https:\/\/api.w.org\/{rel}","templated":true}]}}